001101111111
What is -1511a4a (base 12) in base 10?
-4254106
Convert -23f7aa (base 16) to base 5.
-1100412122
What is -142033 (base 10) in base 4?
-202223101
3a3381 (base 15) to base 14
52a9a0
Convert 52ec8 (base 15) to base 2.
1000000010000101101
What is -5840323 (base 11) in base 7?
-152512445
63650251 (base 7) to base 8
24500722
-9a4a8 (base 11) to base 9
-241747
Convert -1110000 (base 5) to base 11.
-13614
What is 184976 (base 10) in base 16?
2d290
What is -2b433b (base 13) in base 9?
-2004367
What is -10210022120102 (base 3) in base 9?
-3708512
Convert -19094 (base 14) to base 10.
-63242
Convert 1011111100111010 (base 2) to base 14.
13baa
Convert -13667 (base 15) to base 12.
-2bbb1
-1357f5 (base 16) to base 4
-10311133311
Convert -2653402 (base 7) to base 15.
-6d7b7
-10343274 (base 8) to base 11
-12820a1
What is -11000010110101010110011 (base 2) in base 7?
-105160066
What is -1014040 (base 6) in base 16?
-bec8
What is -1010010110110110011 (base 2) in base 15?
-6a854
-1453641 (base 9) to base 7
-6553360
11002220202 (base 3) to base 8
235732
Convert 384762 (base 10) to base 16.
5defa
Convert -3653297 (base 10) to base 4.
-31323322301
Convert -4445405 (base 6) to base 13.
-7b038
Convert 9dc7 (base 15) to base 10.
33487
105122714 (base 8) to base 10
18130380
a6175 (base 16) to base 12
289845
230110330222 (base 4) to base 2
101100010100111100101010
2556378 (base 9) to base 10
1395620
5879 (base 14) to base 7
62612
Convert 3a662 (base 11) to base 13.
20548
What is 333015 (base 7) in base 12?
29b49
What is 101001100000100111 (base 2) in base 3?
22122020011
366757 (base 11) to base 6
20232410
Convert 44493a (base 11) to base 2.
10101101001001101000
Convert 219085 (base 14) to base 7.
12452225
Convert -405412 (base 10) to base 15.
-801c7
What is 40d7 (base 15) in base 7?
54643
What is -30545 (base 6) in base 11?
-3095
What is 1326105 (base 8) in base 13?
1002b7
Convert 1010111101101110011001 (base 2) to base 11.
1693529
-1011101101001111011001 (base 2) to base 6
-145435453
What is -3642125 (base 8) in base 13?
-290541
7a5a24 (base 14) to base 12
148a114
-3c7b4c (base 14) to base 11
-1201750
Convert -1121402324 (base 6) to base 8.
-57221754
152145462 (base 7) to base 12
3493770
What is -4222554 (base 6) in base 11?
-130370
What is a664d (base 15) in base 10?
527923
What is -1459c51 (base 14) in base 8?
-45607777
Convert 566a4 (base 15) to base 9.
458051
What is -10111001011110110111 (base 2) in base 12?
-3077b3
Convert 4054351 (base 6) to base 15.
3c7a7
What is -30dd90 (base 14) in base 15?
-229663
What is 221100100210 (base 3) in base 11?
310916
Convert -1655843 (base 10) to base 9.
-3103345
What is -c37219 (base 13) in base 4?
-101120202022
17371b3 (base 12) to base 5
2212134031
-34153010 (base 7) to base 11
-174a236
-446119 (base 14) to base 5
-1043243033
Convert 4b00c (base 15) to base 6.
5045233
-c11fa (base 16) to base 7
-6503136
What is 111100000010000001101110 (base 2) in base 8?
74020156
-7e469 (base 16) to base 15
-a33ba
What is -1304112 (base 6) in base 9?
-117218
Convert 10101100100111001010 (base 2) to base 3.
1022220211212
What is -20aca6 (base 16) in base 9?
-4023337
Convert 7b673 (base 13) to base 16.
36fb2
Convert 1117712 (base 9) to base 13.
181460
Convert -8702181 (base 10) to base 3.
-121101010011000
Convert 8a5a0 (base 14) to base 5.
41222023
What is -44291 (base 13) in base 10?
-123488
Convert -deede (base 15) to base 14.
-1463dc
22000111010 (base 4) to base 14
4c3b80
Convert 3066321 (base 8) to base 13.
226838
Convert 301011120 (base 4) to base 12.
98420
-23112311202 (base 4) to base 10
-2977122
What is -113046133 (base 7) in base 13?
-1595a22
Convert 44630 (base 9) to base 2.
111001111101001
What is 31302120220 (base 4) in base 14?
6a1208
-78784 (base 15) to base 14
-9d866
-134210 (base 11) to base 12
-a1a1b
What is 1001001111110110000 (base 2) in base 15?
5ebb9
Convert 1a6b80 (base 15) to base 8.
4724426
What is -62c12 (base 15) in base 16?
-4c781
Convert -1336580 (base 12) to base 7.
-44230560
What is 103011031 (base 5) in base 10?
438266
22020101011012 (base 3) to base 14
81d1ad
Convert 10012110102 (base 3) to base 8.
173065
-400243223 (base 5) to base 16
-17fb68
210011323022 (base 4) to base 5
4410231300
1010202200 (base 3) to base 12
10b90
1193a76 (base 15) to base 3
212202001210110
Convert -111000011010100000001110 (base 2) to base 9.
-30740152
What is 156841 (base 13) in base 12?
215b51
What is d713d (base 14) in base 16?
7ead3
What is -5161 (base 14) in base 15?
-4236
Convert 341729 (base 10) to base 12.
145915
What is 1431531 (base 10) in base 14?
2939a3
2b65b59 (base 12) to base 10
8843829
Convert 12011212012 (base 3) to base 2.
11000111001000101
What is -156046 (base 11) in base 10?
-242292
1010110100100110 (base 2) to base 12
2179a
12412044023 (base 5) to base 6
1304533455
What is b5a59 (base 15) in base 4?
2030221110
60802 (base 10) to base 7
342160
-7771300 (base 8) to base 16
-1ff2c0
What is -405673 (base 8) in base 12?
-6570b
What is -a391 (base 16) in base 10?
-41873
What is 124006626 (base 7) in base 12?
2782bb3
What is -64115 (base 7) in base 15?
-4a5e
5d202 (base 15) to base 11
193531
Convert 2249210 (base 11) to base 8.
17007424
What is 11001001011101100110100 (base 2) in base 8?
31135464
What is -73b48 (base 16) in base 15?
-95653
20002020020202 (base 3) to base 2
1100010101001100111000
What is -1151145304 (base 6) in base 13?
-297a3ab
What is 71a48 (base 16) in base 5?
104343410
What is -17edc (base 16) in base 8?
-277334
20120111021 (base 3) to base 2
11111100101101111
-1072254 (base 8) to base 12
-120ba4
-273375 (base 8) to base 13
-34905
Convert 102231323 (base 6) to base 10.
1792707
-215934 (base 13) to base 12
-319640
Convert -35207044 (base 8) to base 13.
-1787966
What is -4248223 (base 9) in base 15?
-2ee616
Convert -97b3 (base 14) to base 15.
-7b85
Convert 4734 (base 10) to base 11.
3614
Convert -113987 (base 11) to base 8.
-541205
-3646660 (base 7) to base 11
-298a53
What is -4711106 (base 12) in base 15?
-130bb19
30769a9 (base 11) to base 14
a13776
-402230141 (base 5) to base 16
-187181
What is 4183 (base 11) in base 5?
134121
What is 1121011012202 (base 3) in base 2?
11001111011000100000
What is 258d3 (base 16) in base 7?
1210300
What is 12033324 (base 5) in base 16?
1b462
What is 1f464 (base 16) in base 10?
128100
What is -1412c67 (base 13) in base 9?
-12843456
What is 6d36 (base 16) in base 11?
1a007
Convert 5068732 (base 9) to base 15.
385d4e
12603334 (base 7) to base 15
17de74
What is -2577655 (base 9) in base 14?
-289a45
What is -401346 (base 7) in base 14?
-1a996
Convert -11001321232 (base 4) to base 9.
-2428581
What is -10100110000000101110 (base 2) in base 12?
-289612
Convert 52510237 (base 8) to base 15.
eac098
Convert -2452700 (base 8) to base 6.
-22303412
-12041031 (base 5) to base 11
-77183
What is -4270016 (base 9) in base 6?
-121024540
55140 (base 7) to base 12
7b99
-82434 (base 13) to base 3
-102212102220
-13252001 (base 7) to base 10
-1222796
What is 3332431120 (base 5) in base 14?
d84718
Convert -9aae7 (base 15) to base 2.
-1111000000101000010
14256311 (base 7) to base 9
2464748
-3e418 (base 15) to base 2
-110000110101110000
What is -a70844 (base 11) in base 16?
-1a275d
-76088 (base 12) to base 5
-14434444
228a2 (base 12) to base 6
553522
Convert 202210010120000 (base 3) to base 14.
16770b1
-1011110100111011111 (base 2) to base 6
-12150115
4007007 (base 11) to base 15
9525cd
Convert 11003120211 (base 4) to base 15.
1b2706
Convert -2113410441 (base 5) to base 7.
-52461245
Convert -144834 (base 11) to base 15.
-46e2e
What is -10531521 (base 6) in base 4?
-1032320221
2a87593 (base 11) to base 7
62612605
What is -2253215 (base 10) in base 14?
-4291dd
Convert -1010330 (base 4) to base 9.
-6042
Convert 134370 (base 14) to base 2.
10100010010010011110
Convert -5ccb9b (base 13) to base 11.
-1291654
-17636667 (base 9) to base 11
-5017164
284b2 (base 13) to base 15
17599
What is 12010543 (base 6) in base 14?
9a7dd
2035 (base 6) to base 8
707
-201220011 (base 3) to base 5
-431003
What is 12013103031 (base 4) in base 13?
4416a8
What is -3b6c95 (base 13) in base 8?
-5403066
What is -32132012 (base 7) in base 8?
-12325210
What is 1001001110110000001 (base 2) in base 12?
127055
-33000